- 2*a - 4/3*a**3. Calculate f(4).
-10
Let d(u) be the second derivative of u**4/6 + u**3/6 - u. Let h(t) = -t**2 - 12*t - 32. Let g be h(-8). Suppose -15*r + 3 + 12 = g. Determine d(r).
3
Suppose 4*h - 12 - 16 = y, -2*h - 2*y = -4. Let v(x) = -9 + 32*x - 39*x + h*x. Give v(-4).
-5
Suppose 2*j = 4*k + 34, 3*j - 31 = -0*k + 4*k. Let o(l) = l**2 + 4*l - 63. Calculate o(k).
-3
Let s(r) = r + 2. Let w be 28/15 - (-36)/270. Suppose 3*p + w*p = -2*d + 49, 3 = p. Let n = 16 - d. Determine s(n).
1
Let y = 334 - 746. Let n = -412 - y. Let i(a) = 4*a - 6. What is i(n)?
-6
Let y(q) = -3*q**3 - 14*q**2 + 3*q - 29. Let i(s) = 4*s**3 + 14*s**2 - 6*s + 30. Let j(f) = -2*i(f) - 3*y(f). Give j(-14).
-15
Let n(f) = -5*f - 9. Let y(s) = 4*s + 10. Let a(h) = 3*n(h) + 4*y(h). Suppose -27*i - 216 = -30*i + 27*i. Determine a(i).
4
Let x(g) = -2*g**2 - 2*g + 6. Let y = 18684 + -18688. Give x(y).
-18
Let a(m) = 2*m**2 + 5*m + 1. Suppose -18*f + 6*f + 324 = 0. Suppose 10*g + f = g. Let i be a(g). Let b(l) = l**3 - 3*l**2 - 4*l - 3. Give b(i).
-3
Let h be (24/((-96)/(-14)))/(1*(-7)/(-2)). Let u(q) = 133*q - 6. Calculate u(h).
127
Let j = 1127 + -1128. Let d(u) be the first derivative of 8*u**2 - u - 6. What is d(j)?
-17
Let s(z) be the third derivative of 17/6*z**3 + 1/60*z**5 - 2/3*z**4 + 27*z**2 + 0*z + 3. Give s(14).
-11
Let p(j) = -10*j + 285. Suppose d - z - 27 = 0, -153 = -6*d + d - z. Calculate p(d).
-15
Let w(t) = 1 + 2619*t**2 - 1307*t**2 - 1309*t**2 + 2*t + 0*t. Give w(2).
17
Let l(s) = -s**2 + 3. Let i be (-3)/5 + 2*(-74)/20. Let o be (i + 3 - (-5 - 0))/(-1). What is l(o)?
3
Let x(b) = -b - 11. Let u(q) = 6*q + 58. Let f(c) = 2*u(c) + 11*x(c). Suppose -4*l + 0*l + 78 = 2*o, 5*l + 5*o - 110 = 0. Let p = 24 - l. Determine f(p).
2
Let x be 8 - -3*(-24)/(-6). Suppose -4*n = -5*l + 9, 0 = 2*l - 6*l + x. Let r(h) = h + 5. Determine r(n).
9
Let a be (83/(-21) - 18/(-63))*-3. Let q = a + -10. Let t(c) = -5*c + 13*c + 10*c - 11*c + 1. Calculate t(q).
8
Let b(o) = -40*o - 102. Let j(f) = 22*f + 53. Let g(r) = 3*b(r) + 5*j(r). Calculate g(-3).
-11
Let k(x) = x**2 - 9*x + 10. Suppose 0 = -l - 2, b + 38 = -4*l + 6*l. Let i be ((-3)/(-6))/(165/b - -4). Suppose -i*d = -30 - 19. Calculate k(d).
-4
Let n(b) = 8*b**2 + 91*b - 14*b**2 + 20 - 43 + 14 + 2. Give n(15).
8
Let q = 70 + -65. Suppose -q*z + 6*z - 35 = 0. Let p(g) = -1 + z*g**2 - 11*g**2 - 19*g**2. What is p(-1)?
4
Let m(g) be the first derivative of -g + g**2 - 1/2*g**4 + 29 + 0*g**3. Calculate m(1).
-1
Let z(b) = 11*b**2 - 9*b - 18. Let d(n) = -2*n**2 + n + 3. Let v = -723 + 729. Let h(q) = v*d(q) + z(q). What is h(-5)?
-10
Let g(j) be the third derivative of 10 + 0*j**4 + 0*j + 0*j**3 - 1/60*j**5 + j**2. Calculate g(-1).
-1
Let q = -91 + 82. Let i(g) = -g**3 - 3*g**2 + 12*g - 4. Let u(m) = -m**3 - 2*m**2 + 14*m - 6. Let c(s) = 7*i(s) - 6*u(s). Give c(q).
8
Let g be 4 - ((-2)/7 - 32/(-112)). Let z be g/(-3)*(-81)/54. Let s(y) = -6*y**2 - 2*y - 4*y**z + 11*y**2. Give s(2).
0
Suppose 17*s - 162 + 43 = 0. Let b(r) = -3*r**2 + 6 - s*r - 14*r**2 + 19*r**2. What is b(4)?
10
Let r be ((-27)/(-195)*13)/(12/100). Let d(a) = -a**2 + 6*a + 152. What is d(r)?
17
Let l(u) be the third derivative of -u**8/6720 + u**7/630 + u**6/360 - u**5/40 - 7*u**4/3 - 4*u**2. Let o(p) be the second derivative of l(p). Calculate o(4).
5
Let r(n) = 0 - 17*n**2 - 21*n**2 - 8 + n**3 + 47*n**2 - 16*n**2. Let z(m) = m**2 + 2*m + 4. Let y be z(-3). Determine r(y).
-8
Let k(o) = -o**3 + 33*o**2 + 111*o + 13. Let a be k(-3). Let z(i) = 5*i - 2 + 4*i - 3 - 5*i. Determine z(a).
11
Let b(p) be the second derivative of 1 - 70*p - p**2 + 1/6*p**3. What is b(2)?
0
Suppose -w = -3*g - 11, -w - g + 4 = 1. Suppose -w*y = 2*x + 9 + 2, -3 = y. Let j(q) = -q - 8*q**2 + 0*q**2 + 1 + 6*q**x - 2*q**3. Calculate j(2).
-25
Let g(c) = -23*c**2 - 303*c - 7. Let l(y) = 8*y**2 + 107*y + 2. Let f(n) = 6*g(n) + 17*l(n). What is f(0)?
-8
Let h(q) = -447*q + 13 - 432*q + 878*q. Give h(-19).
32
Let i(k) be the second derivative of k**4/12 - 11*k**3/3 - 8*k**2 + 7*k. Let d be i(23). Let n(p) = p**2 - 5*p + 1. Give n(d).
15
Suppose 0 = -5*q + 10, 5*x - 97 = 4*q. Let d = -8 + x. Let n(t) = -d*t + 1 + 20*t - 6*t. Calculate n(1).
2
Let c(y) = 3*y**2 - 4*y + 12. Let k = 1119 - 1114. Determine c(k).
67
Suppose -728 = -6*b + 8*b + 4*k, -5*b = -5*k + 1820. Let a = b + 355. Let f(v) = v**3 + 10*v**2 + 12*v + 13. What is f(a)?
-14
Let z(h) be the third derivative of 11*h**4/4 - 3*h**3 - h**2 - 9*h - 397. Give z(1).
48
Let l(r) be the second derivative of -r**4/12 + r**3/6 + 2*r**2 + 6*r. Suppose 0 = 3*h - 124*b + 125*b, -3*b = 0. Calculate l(h).
4
Let f(a) = 3*a**3 - 16*a**2 + 4*a + 5. Let c(n) = 4*n**3 - 18*n**2 + 5*n + 5. Let o(j) = -4*c(j) + 5*f(j). What is o(-8)?
5
Let j = 8502 - 8499. Let d(h) = -5*h - 13. Determine d(j).
-28
Let y be 1 - 13 - (7 - 10). Let t(v) be the first derivative of -v**3/3 - 4*v**2 + 6*v + 71. What is t(y)?
-3
Let h = -8991 - -8980. Let c(o) = -2*o - 4. Determine c(h).
18
Suppose 0 = -5*b + t + 7 + 2, 4*b - t = 7. Suppose -i = 5*k + 13, -6*k - 13 = -2*i - 3*k. Let z(w) = -41628 + 41630 + i*w + 2*w. Give z(b).
10
Let l(b) = 16*b - 12 + 0*b - 2909*b**2 + 12 - 4 + 2907*b**2. Give l(11).
-70
Let a(g) = 31*g + 52*g - 81*g. Suppose -2*n = -8*n - 42. What is a(n)?
-14
Let q(s) = -s**3 - 13*s**2 - 4*s. Let x(f) = -24*f + 2219. Let h be x(93). Calculate q(h).
52
Let w(i) be the second derivative of 7*i**4/12 + i**3/6 - 4*i**2 + 1654*i. Calculate w(-4).
100
Let s(g) = g**2 + 4*g - 3. Let k = -8 - -11. Suppose -5*z + 4*n + k = -1, -n = 5*z - 24. Suppose -v + 30 = -5*x, 4*x + 24 = -0*x - z*v. Determine s(x).
9
Let o(s) = -s - 6. Suppose -6*g - 48 = -18*g. Suppose 2 - 26 = -g*r. Suppose -13 = r*q + 29. Give o(q).
1
Let z(c) be the third derivative of c**4/3 - c**3/2 - 825*c**2. Determine z(2).
13
Let d(g) = 2*g**3 + 1 + 12*g**3 + 18*g**3 - g**2 - 33*g**3 - 4*g. What is d(0)?
1
Let k(t) = -2*t**2 + 10*t - 9. Suppose -140 = -5*w - 21*b + 24*b, 3*b = 0. Suppose 4*v = 2*d - w, 5*d - 7*d - 4*v - 4 = 0. Determine k(d).
-21
Let g(n) = 16*n**3 + n**2 - 2*n - 2. Let q(z) = -z + 11. Let i be q(4). Suppose -2*k + 5 - i = 0. Give g(k).
-15
Let f(p) be the second derivative of 5*p**3/2 - 29*p**2/2 + 82*p + 5. Give f(2).
1
Let g(y) = -y. Suppose m - 11*x = -9*x - 12, -m - 3*x = 2. Determine g(m).
8
Suppose 50*i - 25 = 45*i. Suppose 0 = z + 3*p - 9, i*z - 25 - 4 = p. Let x(d) = -d**2 + 4*d + 7. Calculate x(z).
-5
Let l(a) = -30*a**2 + 39. Let o(w) = 13*w**2 + w - 19. Let m(t) = -3*l(t) - 7*o(t). Calculate m(-8).
8
Suppose 10*c - 163 - 137 = 0. Let u(j) = 22 - 71 - j + 22 - j**3 + c. Determine u(-3).
33
Let j(m) be the second derivative of 0 + 134*m - 1/6*m**3 - 4*m**2. Let z(v) = v**3 + 8*v**2 + 8*v + 7. Let i be z(-7). What is j(i)?
-8
Let o(g) = g**2 + 7*g + 3. Suppose 15*v - 18*v + 22 = 2*l, 4*l + 4 = 0. Suppose 0 = -d + 4*r - 3 + 13, v = -2*r. What is o(d)?
-3
Let d be (((-36)/63)/((-50)/(-35)))/(3/15). Let c(n) = -15*n**2 - 3*n - 1. Calculate c(d).
-55
Let c(k) = k**3 - 6*k**2 - k - 8. Let t = 740 + -1156. Let x = t + 422. Give c(x).
-14
Suppose -d - 2 + 9 = -5*n, -5*d + 3*n - 31 = 0. Let z be (5/(-10) - (-2)/(-4))*-9. Let t(f) = -3 - 65*f + 66*f + z. Give t(d).
-2
Let m(l) = -6*l + 6. Let i(b) = 5*b - 7. Let d(y) = -4*i(y) - 3*m(y). Let t be 118/7 + 1/7 - 9. Determine d(t).
-6
Let o be (-2 - 1)/((-6)/16). Let p(c) = -15*c - 12 + 64*c**3 - 2*c - 8*c**2 + 20*c - 63*c**3. Determine p(o).
12
Let g = 7304 - 7295. Let h(n) = -n**3 + 11*n**2 - 12*n - 19. What is h(g)?
35
Let v(k) = -7*k**3 + 26*k**2 - 138*k - 37. Let a(z) = z**3 - 4*z**2 + 23*z + 6. Let u(s) = -13*a(s) - 2*v(s). Calculate u(5).
6
Let c(o) = -13*o + 61. Let w(r) = -6*r + 25. Let b(d) = 4*c(d) - 9*w(d). Determine b(-11).
-3
Let k be (4 - 6)*(-16 - 2). Let j = 36 - k. Let r(p) = -p**3 - 2. Give r(j).
-2
Let l(s) = s + 2. Let k = -55 - -37. Let w = 12 + k. Let o be 4/w - 598/(-78). Determine l(o).
9
Let h(j) = 3*j + 10. Suppose -4*r + 0 = w + 6, 2*w + 3*r = -7. Let a be w*2 + 11 + -15. Calculate h(a).
-14
Let k(a) = -a**2 + 19*a - 7. Suppose 629*c = 555*c + 444. Determine k(c).
71
Let c(y) = 9*y + 20. Suppose 42*b + 113 = 10*b - 47. What is c(b)?
-25
Suppose 15 - 69 = 27*l + 27. Let z(j) be the first derivative of j**4/4 +